t d(r) = r**3 - 46*r**2 - 57*r + 475. Determine d(47).
5
Let v(p) = p**2 - 4*p - 633. Determine v(27).
-12
Let l(o) = -o**2 - 108*o + 105. Give l(1).
-4
Let m(t) = 11*t**2 - 1376*t + 119. What is m(125)?
-6
Let b(o) = -65*o - 1348. What is b(-21)?
17
Let u(s) = -37*s**3 - 282*s**2 - 165*s - 21. Give u(-7).
7
Let z(h) = h + 14. Determine z(-6).
8
Let m(v) = 118*v - 2899. Determine m(24).
-67
Let l(d) = -2*d**2 + 120*d - 372. What is l(57)?
-30
Let k(v) = v**3 - 10*v**2 - 6*v + 28. Determine k(10).
-32
Let j(t) = 97*t + 977. Calculate j(-10).
7
Let l(x) = -7653*x + 130095. Determine l(17).
-6
Let m(s) = -2*s**3 + 9*s**2 - 16*s + 14. Calculate m(3).
-7
Let d(w) = w**3 - 12*w**2 + 25*w - 9. Determine d(5).
-59
Let x(u) = 6*u**3 - 159*u**2 - 81*u - 8. Determine x(27).
-8
Let o(m) = -35*m - 758. Determine o(-22).
12
Let j(b) = -2642*b - 15873. Give j(-6).
-21
Let v(c) = 1517*c + 6067. Calculate v(-4).
-1
Let v(k) = 3*k**2 + 39*k - 23. Give v(-16).
121
Let i(f) = -3*f**3 - 10*f**2 + 33*f + 40. Calculate i(-5).
0
Let a(s) = -1945*s - 19461. Calculate a(-10).
-11
Let u(q) = -10*q**2 - 36*q - 3. What is u(-5)?
-73
Let m(o) = 22*o**2 + 29*o - 8. What is m(-1)?
-15
Let m(s) = 2*s**3 - 55*s**2 - 91*s + 114. Determine m(29).
-2
Let f(m) = -272*m - 15. Calculate f(1).
-287
Let s(g) = 493*g - 6. Determine s(0).
-6
Let m(f) = -2*f**3 + 10*f**2 - 27*f + 69. Determine m(5).
-66
Let w(f) = -f**3 + 10*f**2 + 22*f + 219. What is w(13)?
-2
Let t(j) = 19*j + 946. Determine t(-51).
-23
Let l(x) = -13*x**2 + 1477*x + 571. Determine l(114).
1
Let a(f) = -1524*f + 19814. Calculate a(13).
2
Let s(f) = -73*f - 99. Give s(-3).
120
Let p(c) = 23*c + 870. Give p(-29).
203
Let u(n) = -n**2 - 55*n - 545. Give u(-12).
-29
Let g(l) = -294*l + 1. Determine g(1).
-293
Let w(o) = -261*o + 1834. Give w(7).
7
Let a(b) = 3*b**2 - 57*b - 355. Give a(24).
5
Let d(z) = -52*z - 1. Calculate d(0).
-1
Let w(s) = 561*s - 26955. What is w(48)?
-27
Let l(t) = -2*t**2 + 96*t - 48. Determine l(51).
-354
Let u(s) = 82*s**2 - 495*s - 11. Give u(6).
-29
Let x(m) = -m - 52. Calculate x(58).
-110
Let f(q) = -17*q + 551. Calculate f(33).
-10
Let s(p) = p**2 - 86*p + 957. Calculate s(71).
-108
Let y(v) = v**3 + 9*v**2 - 8*v + 79. Calculate y(-11).
-75
Let h(g) = -5*g + 3. Give h(8).
-37
Let s(q) = -q**2 + 16*q - 9. What is s(16)?
-9
Let z(a) = 18*a**2 + 789*a - 136. What is z(-44)?
-4
Let m(o) = -o**3 - 6*o**2 + 43*o - 14. What is m(-8)?
-230
Let i(k) = -k**2 + 6*k - 16. Calculate i(10).
-56
Let v(k) = k**3 - 4*k**2 - 9*k - 27. Calculate v(-4).
-119
Let r(j) = j**2 + 41*j + 267. Determine r(-35).
57
Let x(k) = -k**2 - 19*k - 76. Give x(-8).
12
Let z(n) = 385*n - 93. Calculate z(0).
-93
Let u(n) = 11429*n - 148593. What is u(13)?
-16
Let z(w) = -9*w**2 - 46*w - 207. Calculate z(-4).
-167
Let v(k) = -k**3 + 12*k**2 + 68*k - 65. Calculate v(16).
-1
Let q(h) = -457*h + 1820. Determine q(4).
-8
Let p(q) = 10*q**2 - 682*q - 7833. Determine p(-10).
-13
Let l(v) = 11*v**2 + 265*v + 275. What is l(-23)?
-1
Let t(s) = s**2 - 82*s + 1424. Give t(58).
32
Let m(r) = -2*r**3 + 13*r**2 + 15*r - 39. Calculate m(7).
17
Let s(f) = 18283*f + 36577. What is s(-2)?
11
Let x(f) = -2*f**2 + 33*f + 403. Give x(-8).
11
Let r(n) = 17*n**2 - 937*n + 113. Calculate r(55).
3
Let n(x) = -x**3 + 203*x**2 + 1256*x + 10. What is n(-6)?
-2
Let l(g) = 14*g - 33. What is l(5)?
37
Let m(a) = -a**3 + 64*a**2 - 539*a - 51. What is m(54)?
3
Let x(p) = -p**3 - 34*p**2 + 76*p - 7. What is x(-36)?
-151
Let o(i) = -3*i**3 - 16*i**2 - 7*i + 2. Give o(-4).
-34
Let p(d) = d**2 - 51*d + 504. Give p(13).
10
Let w(s) = 315*s - 2984. Give w(10).
166
Let v(r) = -238*r**2 + 1854*r + 14. Calculate v(8).
-386
Let f(d) = d**3 + 8*d**2 - 3*d. Give f(-11).
-330
Let d(p) = p**3 - 6*p**2 + 630*p - 4462. Calculate d(7).
-3
Let y(l) = 2*l**2 + 9*l + 7. Give y(-2).
-3
Let r(j) = -j**3 + 2*j**2 - 82*j - 26. Give r(0).
-26
Let u(t) = -t**2 - 92*t - 223. Give u(-87).
212
Let i(n) = -439*n + 447. Calculate i(1).
8
Let i(p) = -222*p - 1363. What is i(-6)?
-31
Let i(z) = -48*z - 515. Give i(-11).
13
Let a(n) = -69*n + 471. Give a(8).
-81
Let l(s) = -s**2 - 39*s + 4716. Determine l(52).
-16
Let k(u) = 286*u**2 - 1425*u - 21. Calculate k(5).
4
Let p(h) = 57*h - 1583. Calculate p(29).
70
Let m(a) = 9*a**3 + 5*a**2 - 72*a + 127. What is m(2)?
75
Let i(o) = o**2 + 141*o + 4096. Calculate i(-41).
-4
Let p(c) = 6*c - 2. What is p(-19)?
-116
Let a(d) = -138*d + 3111. What is a(23)?
-63
Let y(s) = -s**3 - 31*s**2 - 29*s - 7. Determine y(-30).
-37
Let q(o) = -2*o**2 - 35*o + 154. Calculate q(-22).
-44
Let h(a) = a**3 - 17*a**2 - 34*a + 310. Calculate h(18).
22
Let n(s) = -770*s + 21531. What is n(28)?
-29
Let g(w) = -29*w - 1245. Calculate g(-42).
-27
Let l(p) = p**3 + 11*p**2 - 25*p + 5. Determine l(-13).
-8
Let n(b) = b**2 + 27*b + 172. Give n(-14).
-10
Let k(i) = -20*i**2 + 283*i + 591. What is k(16)?
-1
Let l(t) = t**3 + 60*t**2 + 2*t + 100. Calculate l(-60).
-20
Let h(p) = 106*p - 1074. Determine h(10).
-14
Let c(u) = -u**3 + 17*u**2 - 21*u + 23. Give c(15).
158
Let b(j) = -57*j + 367. Calculate b(6).
25
Let r(v) = -3*v**2 + 42*v + 104. Calculate r(16).
8
Let v(l) = -679*l + 4766. Give v(7).
13
Let k(n) = -4*n**2 + 130*n + 75. Calculate k(33).
9
Let j(k) = 92*k - 31093. What is j(338)?
3
Let r(k) = k**3 + 31*k**2 - 162*k + 648. Determine r(-36).
0
Let l(t) = t**3 - 4*t**2 + 91*t - 266. What is l(3)?
-2
Let b(s) = -2*s**2 + 1098*s - 11836. Give b(11).
0
Let h(x) = x**2 - 50*x - 162. Calculate h(-3).
-3
Let b(x) = -x**3 + 26*x + 2. Give b(5).
7
Let a(n) = -297*n + 1933. Calculate a(7).
-146
Let c(j) = -55*j - 761. Determine c(-14).
9
Let t(r) = 22*r**2 + 1756*r + 1421. What is t(-79)?
-1
Let b(u) = 27*u**2 + 141*u - 1287. What is b(-10)?
3
Let q(s) = 2*s**2 + 763*s + 24884. Calculate q(-36).
8
Let d(w) = 3*w**3 - 322*w**2 + 421*w + 324. What is d(106)?
6
Let b(k) = -65*k - 255. Calculate b(-4).
5
Let v(b) = -b**3 + 46*b**2 + 97*b - 49. Calculate v(48).
-1
Let a(v) = 75*v - 166. Give a(2).
-16
Let b(t) = -2*t - 77. What is b(10)?
-97
Let a(s) = -s**2 - 5*s - 56. Calculate a(-11).
-122
Let i(o) = -4*o**2 + 183*o - 363. Give i(2).
-13
Let a(p) = -675*p + 1348. Determine a(2).
-2
Let t(c) = -3326*c + 16573. Give t(5).
-57
Let y(h) = -49*h + 4663. Calculate y(95).
8
Let t(p) = -p**2 + 33*p - 145. Give t(14).
121
Let k(d) = -15*d - 95. Calculate k(-7).
10
Let c(i) = -92*i**2 - 1736*i + 226. Give c(-19).
-2
Let z(g) = -g**3 - 42*g**2 - 153*g - 40. Determine z(-38).
-2
Let u(t) = 2*t**2 - 15*t + 2. Give u(6).
-16
Let t(g) = 2*g**2 + 155*g + 3003. What is t(-37)?
6
Let m(d) = 128*d - 6006. Give m(47).
10
Let z(c) = -16*c**2 - 27*c - 71. Give z(-3).
-134
Let r(a) = -5*a**3 + 8*a**2 - 179*a + 598. Determine r(3).
-2
Let t(z) = -11*z**2 + 208*z + 1525. Calculate t(-7).
-470
Let k(j) = j**2 + 831*j + 9832. What is k(-12)?
4
Let k(y) = 3*y**3 - 2*y**2 + y + 12. Determine k(3).
78
Let x(v) = -v**3 + 8*v**2 + 90*v - 622. Determine x(11).
5
Let w(u) = 3*u**3 - 12*u**2 - 89*u + 12. Give w(9).
426
Let k(h) = h**2 - 26*h - 7. Calculate k(-3).
80
Let k(s) = -83*s**2 + 409*s + 19. Calculate k(5).
-11
Let j(t) = t**3 + 9*t**2 - 11*t - 109. Give j(-7).
66
Let o(t) = t**3 - 7*t**2 + 77*t - 439. Calculate o(6).
-13
Let t(x) = -x**3 - 14*x**2 + 24*x - 55. Determine t(-16).
73
Let j(u) = -u**2 + 34*u - 218. Give j(25).
7
Let f(m) = -51*m + 1312. What is f(26)?
-14
Let u(w) = 3*w**2 - 503*w - 6490. What is u(-12)?
-22
Let m(n) = -n**3 + 55*n**2 - 53*n + 10. What is m(54)?
64
Let f(x) = 2*x - 47. What is f(-1)?
-49
Let n(a) = -726*a + 82767. Determine n(114).
3
Let w(t) = t**2 + 594*t - 39248. Calculate w(60).
-8
Let d(u) = -107*u - 7855. What is d(-74)?
63
Let w(i) = -2*i**3 + 4*i**2 - 82*i + 159. Give w(2).
-5
Let l(x) = 2*x**3 - 3*x**2 - 245*x + 495. Calculate l(2).
9
Let o(z) = z**3 - 20*z**2 + 13*z - 37. Give o(20).
223
Let r(t) = -6*t**3 - 2*t**2 + 23*t - 11. Calculate r(-5).
574
Let o(q) = 944*q + 18876. What is o(-20)?
-4
Let v(x) = 2*x**3 + 4*x**2 - 52*x - 7. Calculate v(5).
83
Let v(r) = r**3 + 3*r**2 - 19*r + 2. Calculate v(-6).
8
Let p(l) = -l**3 + 23*l**2 - 127*l + 98. Calculate p(15).
-7
Let v(t) = -222*t + 4428. Calculate v(20).
-12
Let v(j) = -3*j + 43. Determine v(-11).
76
Let t(u) = -